{"id":35,"date":"2014-02-10T12:50:30","date_gmt":"2014-02-10T10:50:30","guid":{"rendered":"http:\/\/musikverein-erolzheim.de\/?page_id=35"},"modified":"2022-07-07T18:48:48","modified_gmt":"2022-07-07T16:48:48","slug":"trommeln-und-schlagwerk","status":"publish","type":"page","link":"https:\/\/musikverein-erolzheim.de\/?page_id=35","title":{"rendered":"Trommeln und Schlagwerk"},"content":{"rendered":"<p><a href=\"https:\/\/musikverein-erolzheim.de\/wp-content\/uploads\/2014\/02\/2017_Spielmannszug_Register-Trommeln.jpg\"><img loading=\"lazy\" decoding=\"async\" class=\"alignnone size-full wp-image-4456\" src=\"https:\/\/musikverein-erolzheim.de\/wp-content\/uploads\/2014\/02\/2017_Spielmannszug_Register-Trommeln.jpg\" alt=\"2017_Spielmannszug_Register Trommeln\" width=\"680\" height=\"453\" srcset=\"https:\/\/musikverein-erolzheim.de\/wp-content\/uploads\/2014\/02\/2017_Spielmannszug_Register-Trommeln.jpg 680w, https:\/\/musikverein-erolzheim.de\/wp-content\/uploads\/2014\/02\/2017_Spielmannszug_Register-Trommeln-240x160.jpg 240w, https:\/\/musikverein-erolzheim.de\/wp-content\/uploads\/2014\/02\/2017_Spielmannszug_Register-Trommeln-528x352.jpg 528w, https:\/\/musikverein-erolzheim.de\/wp-content\/uploads\/2014\/02\/2017_Spielmannszug_Register-Trommeln-600x400.jpg 600w\" sizes=\"auto, (max-width: 680px) 100vw, 680px\" \/><\/a><\/p>\n<p>v.l.n.r.: Michael H\u00f6gerle, Hans-Peter Harder, Erwin Burghardt, Alexander Kammerlander, Manuel St\u00e4rk, Heinrich H\u00f6gerle<br \/>\nnicht auf dem Bild: Andr\u00e9 Christ, Bernd Fischer, Florian Klang, Franz Nothelfer<\/p>\n","protected":false},"excerpt":{"rendered":"<p>v.l.n.r.: Michael H\u00f6gerle, Hans-Peter Harder, Erwin Burghardt, [&hellip;]<\/p>\n","protected":false},"author":1,"featured_media":0,"parent":33,"menu_order":2,"comment_status":"open","ping_status":"open","template":"","meta":{"_acf_changed":false,"footnotes":""},"class_list":["post-35","page","type-page","status-publish","hentry"],"acf":[],"_links":{"self":[{"href":"https:\/\/musikverein-erolzheim.de\/index.php?rest_route=\/wp\/v2\/pages\/35","targetHints":{"allow":["GET"]}}],"collection":[{"href":"https:\/\/musikverein-erolzheim.de\/index.php?rest_route=\/wp\/v2\/pages"}],"about":[{"href":"https:\/\/musikverein-erolzheim.de\/index.php?rest_route=\/wp\/v2\/types\/page"}],"author":[{"embeddable":true,"href":"https:\/\/musikverein-erolzheim.de\/index.php?rest_route=\/wp\/v2\/users\/1"}],"replies":[{"embeddable":true,"href":"https:\/\/musikverein-erolzheim.de\/index.php?rest_route=%2Fwp%2Fv2%2Fcomments&post=35"}],"version-history":[{"count":8,"href":"https:\/\/musikverein-erolzheim.de\/index.php?rest_route=\/wp\/v2\/pages\/35\/revisions"}],"predecessor-version":[{"id":6817,"href":"https:\/\/musikverein-erolzheim.de\/index.php?rest_route=\/wp\/v2\/pages\/35\/revisions\/6817"}],"up":[{"embeddable":true,"href":"https:\/\/musikverein-erolzheim.de\/index.php?rest_route=\/wp\/v2\/pages\/33"}],"wp:attachment":[{"href":"https:\/\/musikverein-erolzheim.de\/index.php?rest_route=%2Fwp%2Fv2%2Fmedia&parent=35"}],"curies":[{"name":"wp","href":"https:\/\/api.w.org\/{rel}","templated":true}]}}