{"id":9,"date":"2014-02-10T12:47:14","date_gmt":"2014-02-10T10:47:14","guid":{"rendered":"http:\/\/musikverein-erolzheim.de\/?page_id=9"},"modified":"2023-05-07T18:36:07","modified_gmt":"2023-05-07T16:36:07","slug":"musikkapelle","status":"publish","type":"page","link":"https:\/\/musikverein-erolzheim.de\/?page_id=9","title":{"rendered":"Musikkapelle"},"content":{"rendered":"<h2>Die Musikkapelle des Musikvereins Erolzheim<\/h2>\n<p>Die Musikkapelle des Musikvereins Erolzheim besteht zur Zeit aus 40 aktiven Musikerinnen und Musikern und ist musikalisch in der Mittelstufe angesiedelt. Wie in vielen musizierenden Gruppen in der Region so hat sich auch in der Musikkapelle Erolzheim der M\u00e4dchen- und Frauenanteil im Laufe der Jahre kontinuierlich auf etwa ein Drittel erh\u00f6ht. Die Alterstruktur reicht dabei von 15 Jahre bis 80 Jahre.Unser umfangreiches Repertoire, spannt sich von zeitgen\u00f6ssischer Blasmusik, \u00fcber Big-Band-Sound bis hin zu M\u00e4rschen, Musical-Melodien sowie Rock- und Pop-Songs.<br \/>\nEin wichtiger Bestandteil im Jahresablauf ist die musikalische Umrahmung weltlicher, kirchlicher und gesellschaftlicher Veranstaltungen in der Gemeinde und der n\u00e4heren Umgebung.<br \/>\nAuch vor gr\u00f6\u00dferen Auslandsreisen wie z.B. nach Amerika, S\u00fcdafrika oder Australien schrecken die Musikanten nicht zur\u00fcck.<\/p>\n<p>Die musikalische Leitung der Musikkapelle liegt aktuell in den H\u00e4nden von Oliver Doneck.<\/p>\n","protected":false},"excerpt":{"rendered":"<p>Die Musikkapelle des Musikvereins Erolzheim Die Musikkapelle [&hellip;]<\/p>\n","protected":false},"author":1,"featured_media":0,"parent":0,"menu_order":5,"comment_status":"open","ping_status":"open","template":"","meta":{"_acf_changed":false,"footnotes":""},"class_list":["post-9","page","type-page","status-publish","hentry"],"acf":[],"_links":{"self":[{"href":"https:\/\/musikverein-erolzheim.de\/index.php?rest_route=\/wp\/v2\/pages\/9","targetHints":{"allow":["GET"]}}],"collection":[{"href":"https:\/\/musikverein-erolzheim.de\/index.php?rest_route=\/wp\/v2\/pages"}],"about":[{"href":"https:\/\/musikverein-erolzheim.de\/index.php?rest_route=\/wp\/v2\/types\/page"}],"author":[{"embeddable":true,"href":"https:\/\/musikverein-erolzheim.de\/index.php?rest_route=\/wp\/v2\/users\/1"}],"replies":[{"embeddable":true,"href":"https:\/\/musikverein-erolzheim.de\/index.php?rest_route=%2Fwp%2Fv2%2Fcomments&post=9"}],"version-history":[{"count":20,"href":"https:\/\/musikverein-erolzheim.de\/index.php?rest_route=\/wp\/v2\/pages\/9\/revisions"}],"predecessor-version":[{"id":7849,"href":"https:\/\/musikverein-erolzheim.de\/index.php?rest_route=\/wp\/v2\/pages\/9\/revisions\/7849"}],"wp:attachment":[{"href":"https:\/\/musikverein-erolzheim.de\/index.php?rest_route=%2Fwp%2Fv2%2Fmedia&parent=9"}],"curies":[{"name":"wp","href":"https:\/\/api.w.org\/{rel}","templated":true}]}}